highest common divisor of 260 and 60.
20
Calculate the highest common factor of 247 and 338.
13
What is the highest common factor of 2 and 118?
2
Calculate the greatest common divisor of 364 and 6097.
91
Calculate the highest common divisor of 339 and 7006.
113
What is the highest common factor of 33 and 1342?
11
What is the greatest common divisor of 135 and 5?
5
Calculate the greatest common divisor of 114 and 282.
6
Calculate the highest common factor of 85 and 9605.
85
Calculate the highest common divisor of 78 and 507.
39
What is the highest common factor of 250 and 158500?
250
Calculate the greatest common factor of 9 and 174.
3
What is the greatest common divisor of 20 and 1?
1
What is the greatest common factor of 261 and 45?
9
Calculate the highest common factor of 12 and 6.
6
What is the highest common divisor of 1 and 19?
1
Calculate the greatest common divisor of 9 and 33.
3
What is the greatest common divisor of 420 and 720?
60
Calculate the highest common factor of 165 and 264.
33
What is the highest common factor of 15 and 8345?
5
What is the highest common factor of 182 and 154?
14
What is the greatest common factor of 684 and 99?
9
Calculate the highest common factor of 341 and 2263.
31
Calculate the highest common divisor of 184 and 230.
46
What is the highest common divisor of 132 and 165?
33
What is the greatest common divisor of 57 and 57?
57
What is the highest common factor of 4016 and 128?
16
What is the greatest common divisor of 322 and 2415?
161
What is the greatest common factor of 99 and 2187?
9
What is the highest common divisor of 310 and 124?
62
Calculate the greatest common factor of 497 and 284.
71
What is the highest common factor of 15 and 14580?
15
What is the highest common factor of 126 and 324?
18
What is the greatest common factor of 1250 and 7625?
125
Calculate the highest common divisor of 150 and 45.
15
What is the highest common divisor of 5321 and 119?
17
What is the highest common divisor of 475 and 25?
25
What is the greatest common factor of 181 and 8869?
181
What is the highest common divisor of 13069 and 14?
7
Calculate the greatest common divisor of 84 and 1029.
21
Calculate the greatest common factor of 551 and 145.
29
What is the greatest common divisor of 754 and 156?
26
What is the highest common factor of 72 and 5004?
36
Calculate the greatest common factor of 354 and 1888.
118
Calculate the greatest common divisor of 124 and 713.
31
What is the highest common divisor of 198 and 387?
9
What is the highest common factor of 848 and 1280?
16
What is the greatest common factor of 52 and 390?
26
What is the highest common divisor of 32 and 296?
8
What is the greatest common factor of 78 and 2600?
26
Calculate the greatest common divisor of 684 and 432.
36
Calculate the highest common factor of 6 and 1798.
2
Calculate the highest common factor of 288 and 12672.
288
What is the highest common factor of 378 and 777?
21
Calculate the greatest common divisor of 1770 and 165.
15
What is the greatest common divisor of 10430 and 10?
10
What is the greatest common divisor of 190 and 20?
10
What is the greatest common factor of 99 and 23?
1
Calculate the greatest common divisor of 2 and 26.
2
What is the greatest common factor of 30 and 10?
10
Calculate the highest common factor of 103 and 1751.
103
Calculate the greatest common factor of 4636 and 122.
122
What is the highest common factor of 725 and 25?
25
Calculate the greatest common divisor of 513 and 54.
27
What is the highest common factor of 522 and 290?
58
What is the greatest common divisor of 55848 and 624?
312
Calculate the greatest common factor of 17173 and 13.
13
Calculate the greatest common divisor of 15794 and 318.
106
What is the highest common factor of 132 and 60?
12
Calculate the greatest common divisor of 328 and 1476.
164
Calculate the greatest common divisor of 7 and 1.
1
Calculate the greatest common divisor of 2464 and 160.
32
Calculate the greatest common divisor of 24 and 768.
24
Calculate the greatest common factor of 287 and 410.
41
Calculate the highest common factor of 19 and 760.
19
What is the greatest common divisor of 32 and 6304?
32
What is the highest common factor of 1737 and 9457?
193
What is the highest common factor of 16 and 1136?
16
Calculate the greatest common factor of 4551 and 246.
123
What is the highest common divisor of 49 and 637?
49
Calculate the highest common factor of 6 and 303.
3
What is the highest common factor of 19 and 380?
19
Calculate the greatest common factor of 34 and 323.
17
Calculate the highest common factor of 989 and 46.
23
What is the greatest common factor of 4693 and 1235?
247
What is the highest common divisor of 11 and 3817?
11
What is the highest common factor of 56 and 8?
8
Calculate the highest common factor of 1612 and 273.
13
Calculate the greatest common factor of 110 and 11.
11
What is the greatest common divisor of 4 and 6428?
4
Calculate the highest common divisor of 220 and 88.
44
What is the greatest common factor of 418 and 646?
38
Calculate the greatest common divisor of 40 and 5080.
40
Calculate the greatest common factor of 3589 and 37.
37
What is the highest common factor of 630 and 1190?
70
Calculate the highest common factor of 72 and 11448.
72
Calculate the greatest common factor of 1127 and 92.
23
Calculate the highest common divisor of 400 and 80.
80
What is the highest common factor of 74 and 259?
37
What is the highest common factor of 1 and 34?
1
Calculate the highest common factor of 812 and 119.
7
Calculate the highest common factor of 132 and 1958.
22
What is the highest common factor of 26773 and 41?
41
What is the highest common factor of 136 and 51?
17
What is the greatest common divisor of 81 and 1377?
81
Calculate the highest common divisor of 22 and 3905.
11
Calculate the greatest common factor of 187 and 99.
11
What is the greatest common divisor of 119 and 35?
7
Calculate the greatest common factor of 50 and 3775.
25
What is the greatest common divisor of 20 and 5690?
10
What is the highest common factor of 261 and 106749?
261
What is the highest common factor of 1053 and 1377?
81
Calculate the highest common divisor of 567 and 7.
7
Calculate the greatest common factor of 33558 and 102.
102
What is the greatest common factor of 3773 and 11?
11
What is the greatest common divisor of 1 and 1?
1
Calculate the highest common divisor of 496 and 272.
16
Calculate the greatest common divisor of 40 and 730.
10
What is the highest common divisor of 90 and 30?
30
What is the greatest common factor of 404 and 1010?
202
What is the highest common factor of 77 and 91?
7
Calculate the greatest common factor of 69 and 23.
23
What is the greatest common factor of 5202 and 8?
2
Calculate the highest common factor of 6 and 1836.
6
What is the greatest common factor of 765 and 1440?
45
What is the greatest common factor of 377 and 13?
13
What is the greatest common divisor of 44 and 1100?
44
What is the highest common divisor of 208 and 221?
13
What is the highest common factor of 30 and 610?
10
What is the highest common divisor of 67 and 201?
67
What is the greatest common factor of 310 and 20?
10
Calculate the highest common factor of 102 and 24.
6
What is the greatest common divisor of 3225 and 43?
43
What is the greatest common factor of 18 and 9378?
18
Calculate the highest common factor of 8 and 1260.
4
Calculate the highest common factor of 77 and 792.
11
Calculate the highest common divisor of 18 and 603.
9
Calculate the greatest common divisor of 520 and 40.
40
Calculate the greatest common divisor of 130 and 104.
26
What is the highest common factor of 10783 and 41?
41
Calculate the highest common factor of 783 and 957.
87
Calculate the greatest common divisor of 20 and 180.
20
Calculate the greatest common factor of 1467 and 815.
163
What is the highest common divisor of 2 and 82?
2
What is the highest common factor of 185 and 74?
37
Calculate the greatest common divisor of 792 and 54.
18
What is the greatest common factor of 23 and 667?
23
What is the highest common factor of 741 and 171?
57
Calculate the highest common factor of 15 and 25.
5
Calculate the highest common factor of 1818 and 54.
18
Calculate the highest common divisor of 3234 and